 -45?
50
In base 12, what is -19 - a?
-27
In base 4, what is -2 + 213?
211
In base 14, what is 32 - -1c?
50
In base 12, what is -1 + -22a?
-22b
In base 7, what is -10224 - 5?
-10232
In base 2, what is 10001 - 10111?
-110
In base 11, what is -1 - -672?
671
In base 10, what is 0 - 335?
-335
In base 14, what is 5d + 1?
60
In base 8, what is 46 - -3?
51
In base 7, what is 5 - -4446?
4454
In base 2, what is -110101000110111 - -101?
-110101000110010
In base 3, what is 20012101 - -11?
20012112
In base 11, what is -83 + -1?
-84
In base 3, what is -12 + 1?
-11
In base 6, what is 4 + 55?
103
In base 15, what is -2 - bd?
-c0
In base 8, what is 33 + -236?
-203
In base 4, what is 33 + 102?
201
In base 6, what is 0 + 304?
304
In base 11, what is 6a + 9?
78
In base 6, what is 15 + 3302?
3321
In base 16, what is -cb7 - -4?
-cb3
In base 15, what is -1bc - -10?
-1ac
In base 9, what is 17 - 8?
8
In base 10, what is 4 - -74?
78
In base 7, what is 1044 + -2?
1042
In base 12, what is 5 - -304?
309
In base 14, what is -7420 - -5?
-7419
In base 7, what is -1 + 10116?
10115
In base 15, what is -4 - -159?
155
In base 10, what is -159 + -2?
-161
In base 11, what is -480 + 2?
-479
In base 5, what is -11 - -211?
200
In base 2, what is 1000100000100 + 0?
1000100000100
In base 14, what is 4 - -16b?
171
In base 8, what is 605 + 5?
612
In base 9, what is 3 - 77?
-74
In base 11, what is -8302 - -2?
-8300
In base 16, what is -2a + -14?
-3e
In base 8, what is 3 - 1033?
-1030
In base 12, what is -20 - -b?
-11
In base 6, what is -454 + -1?
-455
In base 15, what is 62 - -7?
69
In base 15, what is 823 - 1?
822
In base 4, what is -1323 - 131?
-2120
In base 10, what is 5 + 168?
173
In base 13, what is 16 - c8?
-b2
In base 3, what is 20 + -1021000?
-1020210
In base 11, what is 4 + -83?
-7a
In base 4, what is 20310321 + 2?
20310323
In base 2, what is 101010 - -101?
101111
In base 6, what is -3 + -1250?
-1253
In base 14, what is -2 + -c?
-10
In base 10, what is -3 + 70?
67
In base 10, what is -211 - -20?
-191
In base 16, what is -21 - 4?
-25
In base 4, what is 110 + -233?
-123
In base 16, what is 5 + 111?
116
In base 12, what is -8 + -297?
-2a3
In base 7, what is 2 - 213?
-211
In base 6, what is 0 - -235?
235
In base 11, what is 0 + 179?
179
In base 14, what is 393 + -4?
38d
In base 9, what is -4 + 337?
333
In base 11, what is -2 + -5a?
-61
In base 12, what is 30 - -6?
36
In base 4, what is 230 + -10010?
-3120
In base 6, what is 3 + -1121?
-1114
In base 4, what is 1300 - 11?
1223
In base 6, what is -14 + 0?
-14
In base 2, what is 1101101111 + -101?
1101101010
In base 9, what is -1 - -325?
324
In base 11, what is -405 - -4?
-401
In base 9, what is 3 - -33?
36
In base 16, what is -f7 + -5?
-fc
In base 8, what is -1111 + 34?
-1055
In base 4, what is -32 + -11132?
-11230
In base 6, what is -2 + 150?
144
In base 3, what is 110212 + 1?
110220
In base 14, what is -2 - 24?
-26
In base 8, what is -1101 + 0?
-1101
In base 5, what is 3 + 11402?
11410
In base 14, what is 1dd3 + -2?
1dd1
In base 7, what is 1354 - -11?
1365
In base 2, what is 1111011 - 101?
1110110
In base 14, what is -68 + 27?
-41
In base 9, what is 5 - -1414?
1420
In base 8, what is -654 - 20?
-674
In base 7, what is 150 - -1?
151
In base 12, what is -99b + -2?
-9a1
In base 14, what is c - -a?
18
In base 7, what is 4 + -263?
-256
In base 14, what is -33 - -72?
3d
In base 13, what is -2 - 2b?
-30
In base 9, what is 44052 - -5?
44057
In base 8, what is 0 + 5060?
5060
In base 13, what is -4 + -b6b?
-b72
In base 15, what is -3e60 - 0?
-3e60
In base 8, what is -457 - -2?
-455
In base 4, what is -110211 + 13?
-110132
In base 8, what is -32 + -140?
-172
In base 15, what is d - 1d?
-10
In base 6, what is 15114 + -5?
15105
In base 8, what is -4 + -32?
-36
In base 16, what is 1 + 2c4?
2c5
In base 12, what is 91b - 0?
91b
In base 12, what is 124 + -24?
100
In base 14, what is -2138 - -6?
-2132
In base 10, what is -5640 - 3?
-5643
In base 8, what is 174 - 2?
172
In base 7, what is 20 - -2553?
2603
In base 3, what is -222211 + 12?
-222122
In base 11, what is 2 + 3080?
3082
In base 14, what is 204 + 1?
205
In base 14, what is 4 + 15?
19
In base 9, what is -4 - -4?
0
In base 8, what is -360 + -30?
-410
In base 12, what is 4 - -89?
91
In base 7, what is -4 + 52?
45
In base 11, what is -10 - -19?
9
In base 15, what is 14 - 3?
11
In base 11, what is 6 - -8?
13
In base 7, what is 1245 - 4?
1241
In base 12, what is 12 - -4?
16
In base 2, what is -100 - -1000111?
1000011
In base 2, what is 0 + 101001000101?
101001000101
In base 3, what is -11 + -201201?
-201212
In base 15, what is -3 + -2d1?
-2d4
In base 3, what is 1120202 - -11?
1120220
In base 16, what is -d - -c9?
bc
In base 9, what is 7 + 7?
15
In base 3, what is -10211100 - 1?
-10211101
In base 2, what is -11111101101 - 10?
-11111101111
In base 4, what is -3232230 + -1?
-3232231
In base 15, what is -6 + -25?
-2b
In base 2, what is 0 + -1010110100?
-1010110100
In base 15, what is 3c + 81?
bd
In base 12, what is 4 + 1757?
175b
In base 13, what is 107 - -10?
117
In base 14, what is 867 + -1?
866
In base 3, what is -121 - 101202?
-102100
In base 16, what is -2a + 1?
-29
In base 7, what is -106 + 151?
42
In base 16, what is 18 + 6?
1e
In base 2, what is -100110111 - -10?
-100110101
In base 15, what is 4 + -3?
1
In base 15, what is 48 + -3?
45
In base 14, what is 5 + 974?
979
In base 7, what is 4 + 135?
142
In base 12, what is -a6 - 7?
-b1
In base 13, what is 49ba - 4?
49b6
In base 2, what is 1001 - 100?
101
In base 8, what is 0 + -1101?
-1101
In base 14, what is -11 - 41?
-52
In base 9, what is 18 + 1246?
1265
In base 14, what is 13 + 1b?
30
In base 11, what is -6 + -4?
-a
In base 14, what is -5 + -62?
-67
In base 16, what is 2 + -481?
-47f
In base 14, what is -25 + 1?
-24
In base 9, what is -18 - 451?
-470
In base 7, what is 0 + 1234?
1234
In base 14, what is 6d8 + -2?
6d6
In base 10, what is -178 - 2?
-180
In base 11, what is -617 - -28?
-59a
In base 3, what is -201012 - -20?
-200222
In base 2, what is -11 + 1101?
1010
In base 3, what is -20 + -200222?
-201012
In base 12, what is -15 - -4?
-11
In base 13, what is 2 + -38?
-36
In base 4, what is -3 - -12?
3
In base 10, what is -171 + 0?
-171
In base 10, what is -2 + 294?
292
In base 7, what is -1 - 125?
-126
In base 13, what is -7 - -a?
3
In base 5, what is 10014 + -10?
10004
In base 15, what is -10 + -c1?
-d1
In base 14, what is b + -20?
-13
In base 5, what is 0 - 212?
-212
In base 7, what is 22 + -1?
21
In base 10, what is 16 + 813?
829
In base 2, what is 1 + 11001?
11010
In base 8, what is 1536 + -5?
1531
In base 9, what is -8 + -10?
-18
In base 15, what is 1 - 29c?
-29b
In base 15, what is -1e + 0?
-1e
In base 5, what is 1 + -33310?
-33304
In base 5, what is 2 - 13?
-11
In base 15, what is -1 + -58?
-59
In base 3, what is 2210 + -211?
1222
In base 6, what is 41 - -12?
53
In base 3, what is -1121 + -112?
-2010
In base 6, what is -4054 - -4?
-4050
In base 15, what is -269 + -2?
-26b
In base 4, what is -310 - -11?
-233
In base 14, what is 20a + 1?
20b
In base 15, what is 16 - -1c?
33
In base 7, what is -1 + 3?
2
In base 12, what is -1a39 - 3?
-1a40
In base 11, what is -4 - -240?
237
In base 5, what is -34 + -1110?
-1144
In base 2, what is 11111 - -1110?
101101
In base 3, what is 1211 - 211?
1000
In base 5, what is 21422 - 4?
21413
In base 4, what is 11 - 1111?
-1100
In base 7, what is -3 + -13240?
-13243
In base 9, what is -4 + 111?
106
In base 13, what is -3 + 15?
12
In base 6, what is 53 - -44?
141
In base 2, what is -10010111110001 - -10?
-10010111101111
In base 6, what is 420 - 4?
412
In base 8, what is 1 - -120?
121
In base 13, what is 2c8 - 29?
29c
In base 13, what is -21891 - 4?
-21895
In base 10, what is -2 + 3753?
3751
In base 5, what is 22321 - 10?
22311
In base 14, what is -3 - c4b?
-c50
In base 6, what is -1 - -131?
130
In base 16, what is -2 - -2b?
29
In base 5, what is 1013110 - 10?
1013100
In base 11, what is 110 + 40?
150
In base 5, what is 13034 - 10?
13024
In base 9, what is -14 + -70?
-84
In base 11, what is -2 + 37?
35
In base 12, what is -a + -12?
-20
In base 6, what is 3304 - -1?
3305
In base 2, what is 11111 - 100?
11011
In base 7, what is 33065 - 3?
33062
In base 15, what is -a8d + 5?
-a88
In base 15, what is 41 - -2?
43
I